Last updated on 2024-05-07 17:50:17 CEST.
Flavor | Version | Tinstall | Tcheck | Ttotal | Status | Flags |
---|---|---|---|---|---|---|
r-devel-linux-x86_64-debian-clang | 0.1.1 | 67.66 | 424.88 | 492.54 | OK | |
r-devel-linux-x86_64-debian-gcc | 0.1.1 | 49.73 | 296.34 | 346.07 | OK | |
r-devel-linux-x86_64-fedora-clang | 0.1.1 | 596.75 | NOTE | |||
r-devel-linux-x86_64-fedora-gcc | 0.1.1 | 778.63 | NOTE | |||
r-devel-windows-x86_64 | 0.1.1 | 55.00 | 391.00 | 446.00 | OK | |
r-patched-linux-x86_64 | 0.1.1 | 59.96 | 391.69 | 451.65 | OK | |
r-release-linux-x86_64 | 0.1.1 | 43.75 | 389.11 | 432.86 | OK | |
r-release-macos-arm64 | 0.1.1 | 147.00 | NOTE | |||
r-release-windows-x86_64 | 0.1.1 | 53.00 | 388.00 | 441.00 | OK | |
r-oldrel-macos-arm64 | 0.1.1 | 230.00 | NOTE | |||
r-oldrel-macos-x86_64 | 0.1.1 | 396.00 | NOTE | |||
r-oldrel-windows-x86_64 | 0.1.1 | 69.00 | 493.00 | 562.00 | OK |
Version: 0.1.1
Check: Rd cross-references
Result: NOTE
Undeclared packages ‘nominatimlite’, ‘lutz’ in Rd xrefs
Flavor: r-devel-linux-x86_64-fedora-clang
Version: 0.1.1
Check: data for non-ASCII characters
Result: NOTE
Note: found 1 marked UTF-8 string
Flavors: r-devel-linux-x86_64-fedora-clang, r-devel-linux-x86_64-fedora-gcc
Version: 0.1.1
Check: installed package size
Result: NOTE
installed size is 6.8Mb
sub-directories of 1Mb or more:
libs 4.9Mb
Flavors: r-release-macos-arm64, r-oldrel-macos-arm64, r-oldrel-macos-x86_64