Last updated on 2024-05-08 01:48:24 CEST.
Flavor | Version | Tinstall | Tcheck | Ttotal | Status | Flags |
---|---|---|---|---|---|---|
r-devel-linux-x86_64-debian-clang | 0.5.8 | 15.83 | 124.74 | 140.57 | OK | |
r-devel-linux-x86_64-debian-gcc | 0.5.8 | 11.05 | 87.05 | 98.10 | OK | |
r-devel-linux-x86_64-fedora-clang | 0.5.8 | 165.94 | OK | |||
r-devel-linux-x86_64-fedora-gcc | 0.5.8 | 200.21 | OK | |||
r-devel-windows-x86_64 | 0.5.8 | 12.00 | 376.00 | 388.00 | OK | |
r-patched-linux-x86_64 | 0.5.8 | 13.44 | 116.25 | 129.69 | OK | |
r-release-linux-x86_64 | 0.5.8 | 13.17 | 113.26 | 126.43 | NOTE | |
r-release-macos-arm64 | 0.5.8 | 61.00 | OK | |||
r-release-windows-x86_64 | 0.5.8 | 12.00 | 369.00 | 381.00 | OK | |
r-oldrel-macos-arm64 | 0.5.8 | 61.00 | OK | |||
r-oldrel-macos-x86_64 | 0.5.8 | 102.00 | OK | |||
r-oldrel-windows-x86_64 | 0.5.8 | 15.00 | 462.00 | 477.00 | OK |
Version: 0.5.8
Check: package dependencies
Result: NOTE
Package suggested but not available for checking: ‘rstanarm’
Flavor: r-release-linux-x86_64