Last updated on 2024-05-08 01:48:25 CEST.
Flavor | Version | Tinstall | Tcheck | Ttotal | Status | Flags |
---|---|---|---|---|---|---|
r-devel-linux-x86_64-debian-clang | 0.2.0 | 11.27 | 93.66 | 104.93 | NOTE | |
r-devel-linux-x86_64-debian-gcc | 0.2.0 | 10.82 | 67.89 | 78.71 | NOTE | |
r-devel-linux-x86_64-fedora-clang | 0.2.0 | 133.51 | NOTE | |||
r-devel-linux-x86_64-fedora-gcc | 0.2.0 | 182.06 | NOTE | |||
r-devel-windows-x86_64 | 0.2.0 | 13.00 | 95.00 | 108.00 | NOTE | |
r-patched-linux-x86_64 | 0.2.0 | 15.11 | 88.00 | 103.11 | NOTE | |
r-release-linux-x86_64 | 0.2.0 | 9.37 | 86.00 | 95.37 | NOTE | |
r-release-macos-arm64 | 0.2.0 | 39.00 | NOTE | |||
r-release-windows-x86_64 | 0.2.0 | 12.00 | 94.00 | 106.00 | NOTE | |
r-oldrel-macos-arm64 | 0.2.0 | 38.00 | OK | |||
r-oldrel-macos-x86_64 | 0.2.0 | 66.00 | OK | |||
r-oldrel-windows-x86_64 | 0.2.0 | 15.00 | 107.00 | 122.00 | OK |
Version: 0.2.0
Check: Rd files
Result: NOTE
checkRd: (-1) nsgaControl.Rd:20-27: Lost braces in \itemize; meant \describe ?
checkRd: (-1) nsgaControl.Rd:28-35: Lost braces in \itemize; meant \describe ?
checkRd: (-1) nsgaControl.Rd:36-43: Lost braces in \itemize; meant \describe ?
checkRd: (-1) nsgaControl.Rd:45: Lost braces in \itemize; meant \describe ?
checkRd: (-1) plot-methods.Rd:53: Lost braces in \itemize; meant \describe ?
checkRd: (-1) plot-methods.Rd:54: Lost braces in \itemize; meant \describe ?
checkRd: (-1) plot-methods.Rd:55: Lost braces in \itemize; meant \describe ?
checkRd: (-1) plot-methods.Rd:56: Lost braces in \itemize; meant \describe ?
Flavors: r-devel-linux-x86_64-debian-clang, r-devel-linux-x86_64-debian-gcc, r-devel-linux-x86_64-fedora-clang, r-devel-linux-x86_64-fedora-gcc, r-devel-windows-x86_64, r-patched-linux-x86_64, r-release-linux-x86_64, r-release-macos-arm64, r-release-windows-x86_64