Last updated on 2024-05-07 09:59:09 CEST.
Flavor | Version | Tinstall | Tcheck | Ttotal | Status | Flags |
---|---|---|---|---|---|---|
r-devel-linux-x86_64-debian-clang | 0.0.5 | 2.06 | 26.22 | 28.28 | NOTE | |
r-devel-linux-x86_64-debian-gcc | 0.0.5 | 1.41 | 20.40 | 21.81 | NOTE | |
r-devel-linux-x86_64-fedora-clang | 0.0.5 | 37.39 | NOTE | |||
r-devel-linux-x86_64-fedora-gcc | 0.0.5 | 68.46 | NOTE | |||
r-devel-windows-x86_64 | 0.0.5 | 3.00 | 44.00 | 47.00 | NOTE | |
r-patched-linux-x86_64 | 0.0.5 | 2.05 | 24.78 | 26.83 | NOTE | |
r-release-linux-x86_64 | 0.0.5 | 1.53 | 25.57 | 27.10 | NOTE | |
r-release-macos-arm64 | 0.0.5 | 24.00 | NOTE | |||
r-release-windows-x86_64 | 0.0.5 | 4.00 | 44.00 | 48.00 | NOTE | |
r-oldrel-macos-arm64 | 0.0.5 | 25.00 | NOTE | |||
r-oldrel-macos-x86_64 | 0.0.5 | 37.00 | NOTE | |||
r-oldrel-windows-x86_64 | 0.0.5 | 4.00 | 41.00 | 45.00 | NOTE |
Version: 0.0.5
Check: LazyData
Result: NOTE
'LazyData' is specified without a 'data' directory
Flavors: r-devel-linux-x86_64-debian-clang, r-devel-linux-x86_64-debian-gcc, r-devel-linux-x86_64-fedora-clang, r-devel-linux-x86_64-fedora-gcc, r-devel-windows-x86_64, r-patched-linux-x86_64, r-release-linux-x86_64, r-release-macos-arm64, r-release-windows-x86_64, r-oldrel-macos-arm64, r-oldrel-macos-x86_64, r-oldrel-windows-x86_64