Last updated on 2024-05-07 17:50:19 CEST.
Flavor | Version | Tinstall | Tcheck | Ttotal | Status | Flags |
---|---|---|---|---|---|---|
r-devel-linux-x86_64-debian-clang | 1.0.0 | 6.55 | 55.44 | 61.99 | OK | |
r-devel-linux-x86_64-debian-gcc | 1.0.0 | 5.02 | 41.26 | 46.28 | OK | |
r-devel-linux-x86_64-fedora-clang | 1.0.0 | 79.63 | NOTE | |||
r-devel-linux-x86_64-fedora-gcc | 1.0.0 | 112.52 | NOTE | |||
r-devel-windows-x86_64 | 1.0.0 | 8.00 | 62.00 | 70.00 | OK | |
r-patched-linux-x86_64 | 1.0.0 | 5.72 | 53.03 | 58.75 | OK | |
r-release-linux-x86_64 | 1.0.0 | 6.68 | 53.32 | 60.00 | OK | |
r-release-macos-arm64 | 1.0.0 | 34.00 | OK | |||
r-release-macos-x86_64 | 1.0.0 | 65.00 | OK | |||
r-release-windows-x86_64 | 1.0.0 | 7.00 | 62.00 | 69.00 | OK | |
r-oldrel-macos-arm64 | 1.0.0 | 37.00 | OK | |||
r-oldrel-macos-x86_64 | 1.0.0 | 63.00 | OK | |||
r-oldrel-windows-x86_64 | 1.0.0 | 8.00 | 69.00 | 77.00 | OK |
Version: 1.0.0
Check: data for non-ASCII characters
Result: NOTE
Note: found 606 marked UTF-8 strings
Flavors: r-devel-linux-x86_64-fedora-clang, r-devel-linux-x86_64-fedora-gcc