Last updated on 2024-05-07 17:50:19 CEST.
Flavor | Version | Tinstall | Tcheck | Ttotal | Status | Flags |
---|---|---|---|---|---|---|
r-devel-linux-x86_64-debian-clang | 1.0.6 | 14.55 | 137.39 | 151.94 | OK | |
r-devel-linux-x86_64-debian-gcc | 1.0.6 | 11.78 | 100.01 | 111.79 | OK | |
r-devel-linux-x86_64-fedora-clang | 1.0.6 | 198.12 | NOTE | |||
r-devel-linux-x86_64-fedora-gcc | 1.0.6 | 280.93 | OK | |||
r-devel-windows-x86_64 | 1.0.6 | 15.00 | 112.00 | 127.00 | OK | |
r-patched-linux-x86_64 | 1.0.6 | 11.36 | 132.68 | 144.04 | OK | |
r-release-linux-x86_64 | 1.0.6 | 13.65 | 131.46 | 145.11 | OK | |
r-release-macos-arm64 | 1.0.6 | 61.00 | OK | |||
r-release-macos-x86_64 | 1.0.6 | 144.00 | OK | |||
r-release-windows-x86_64 | 1.0.6 | 16.00 | 110.00 | 126.00 | OK | |
r-oldrel-macos-arm64 | 1.0.6 | 67.00 | OK | |||
r-oldrel-macos-x86_64 | 1.0.6 | 167.00 | OK | |||
r-oldrel-windows-x86_64 | 1.0.6 | 21.00 | 135.00 | 156.00 | OK |
Version: 1.0.6
Check: Rd cross-references
Result: NOTE
Undeclared package ‘RColorBrewer’ in Rd xrefs
Flavor: r-devel-linux-x86_64-fedora-clang