Last updated on 2024-05-07 09:59:10 CEST.
Flavor | Version | Tinstall | Tcheck | Ttotal | Status | Flags |
---|---|---|---|---|---|---|
r-devel-linux-x86_64-debian-clang | 0.0.6 | 10.03 | 100.70 | 110.73 | OK | |
r-devel-linux-x86_64-debian-gcc | 0.0.6 | 6.71 | 73.79 | 80.50 | OK | |
r-devel-linux-x86_64-fedora-clang | 0.0.6 | 137.97 | OK | |||
r-devel-linux-x86_64-fedora-gcc | 0.0.6 | 160.78 | OK | |||
r-devel-windows-x86_64 | 0.0.6 | 10.00 | 99.00 | 109.00 | OK | |
r-patched-linux-x86_64 | 0.0.6 | 10.62 | 95.58 | 106.20 | OK | |
r-release-linux-x86_64 | 0.0.6 | 8.54 | 94.64 | 103.18 | OK | |
r-release-macos-arm64 | 0.0.6 | 37.00 | OK | |||
r-release-windows-x86_64 | 0.0.6 | 11.00 | 100.00 | 111.00 | OK | |
r-oldrel-macos-arm64 | 0.0.6 | 46.00 | WARN | |||
r-oldrel-macos-x86_64 | 0.0.6 | 100.00 | WARN | |||
r-oldrel-windows-x86_64 | 0.0.6 | 12.00 | 116.00 | 128.00 | OK |
Version: 0.0.6
Check: S3 generic/method consistency
Result: WARN
matrixOps:
function(e1, e2)
matrixOps.rvec:
function(x, y)
See section ‘Generic functions and methods’ in the ‘Writing R
Extensions’ manual.
Flavors: r-oldrel-macos-arm64, r-oldrel-macos-x86_64