Last updated on 2024-05-07 13:52:10 CEST.
Flavor | Version | Tinstall | Tcheck | Ttotal | Status | Flags |
---|---|---|---|---|---|---|
r-devel-linux-x86_64-debian-clang | 0.1.0 | 2.53 | 53.23 | 55.76 | OK | |
r-devel-linux-x86_64-debian-gcc | 0.1.0 | 1.77 | 39.95 | 41.72 | OK | |
r-devel-linux-x86_64-fedora-clang | 0.1.0 | 68.15 | NOTE | |||
r-devel-linux-x86_64-fedora-gcc | 0.1.0 | 72.37 | OK | |||
r-devel-windows-x86_64 | 0.1.0 | 5.00 | 65.00 | 70.00 | OK | |
r-patched-linux-x86_64 | 0.1.0 | 2.81 | 51.92 | 54.73 | OK | |
r-release-linux-x86_64 | 0.1.0 | 2.53 | 51.57 | 54.10 | OK | |
r-release-macos-arm64 | 0.1.0 | 27.00 | OK | |||
r-release-windows-x86_64 | 0.1.0 | 4.00 | 65.00 | 69.00 | OK | |
r-oldrel-macos-arm64 | 0.1.0 | 30.00 | OK | |||
r-oldrel-macos-x86_64 | 0.1.0 | 54.00 | OK | |||
r-oldrel-windows-x86_64 | 0.1.0 | 4.00 | 72.00 | 76.00 | OK |
Version: 0.1.0
Check: Rd cross-references
Result: NOTE
Undeclared package ‘ggplot2’ in Rd xrefs
Flavor: r-devel-linux-x86_64-fedora-clang