Last updated on 2024-05-07 21:48:40 CEST.
Flavor | Version | Tinstall | Tcheck | Ttotal | Status | Flags |
---|---|---|---|---|---|---|
r-devel-linux-x86_64-debian-clang | 0.4.9 | 241.83 | 64.90 | 306.73 | NOTE | |
r-devel-linux-x86_64-debian-gcc | 0.4.9 | 185.13 | 48.61 | 233.74 | NOTE | |
r-devel-linux-x86_64-fedora-clang | 0.4.9 | 571.37 | NOTE | |||
r-devel-linux-x86_64-fedora-gcc | 0.4.9 | 497.40 | NOTE | |||
r-devel-windows-x86_64 | 0.4.9 | 223.00 | 114.00 | 337.00 | NOTE | |
r-patched-linux-x86_64 | 0.4.9 | 237.90 | 66.96 | 304.86 | NOTE | |
r-release-linux-x86_64 | 0.4.9 | 235.22 | 66.05 | 301.27 | NOTE | |
r-release-macos-arm64 | 0.4.9 | 118.00 | NOTE | |||
r-release-macos-x86_64 | 0.4.9 | 365.00 | NOTE | |||
r-release-windows-x86_64 | 0.4.9 | 215.00 | 119.00 | 334.00 | NOTE | |
r-oldrel-macos-arm64 | 0.4.9 | 110.00 | NOTE | |||
r-oldrel-macos-x86_64 | 0.4.9 | 340.00 | NOTE | |||
r-oldrel-windows-x86_64 | 0.4.9 | 272.00 | 137.00 | 409.00 | NOTE |
Version: 0.4.9
Check: for GNU extensions in Makefiles
Result: NOTE
GNU make is a SystemRequirements.
Flavors: r-devel-linux-x86_64-debian-clang, r-devel-linux-x86_64-debian-gcc, r-devel-linux-x86_64-fedora-clang, r-devel-linux-x86_64-fedora-gcc, r-devel-windows-x86_64, r-patched-linux-x86_64, r-release-linux-x86_64, r-release-macos-arm64, r-release-macos-x86_64, r-release-windows-x86_64, r-oldrel-macos-arm64, r-oldrel-macos-x86_64, r-oldrel-windows-x86_64
Version: 0.4.9
Check: installed package size
Result: NOTE
installed size is 5.4Mb
sub-directories of 1Mb or more:
doc 1.7Mb
libs 3.2Mb
Flavors: r-devel-linux-x86_64-fedora-clang, r-release-macos-arm64, r-release-macos-x86_64, r-release-windows-x86_64, r-oldrel-macos-arm64, r-oldrel-macos-x86_64, r-oldrel-windows-x86_64