Last updated on 2024-05-07 21:48:40 CEST.
Flavor | Version | Tinstall | Tcheck | Ttotal | Status | Flags |
---|---|---|---|---|---|---|
r-devel-linux-x86_64-debian-clang | 0.1.0 | 5.78 | 57.31 | 63.09 | NOTE | |
r-devel-linux-x86_64-debian-gcc | 0.1.0 | 4.60 | 43.41 | 48.01 | NOTE | |
r-devel-linux-x86_64-fedora-clang | 0.1.0 | 84.21 | NOTE | |||
r-devel-linux-x86_64-fedora-gcc | 0.1.0 | 112.87 | NOTE | |||
r-devel-windows-x86_64 | 0.1.0 | 8.00 | 61.00 | 69.00 | NOTE | |
r-patched-linux-x86_64 | 0.1.0 | 6.23 | 55.59 | 61.82 | NOTE | |
r-release-linux-x86_64 | 0.1.0 | 5.10 | 55.70 | 60.80 | NOTE | |
r-release-macos-arm64 | 0.1.0 | 25.00 | NOTE | |||
r-release-windows-x86_64 | 0.1.0 | 7.00 | 62.00 | 69.00 | NOTE | |
r-oldrel-macos-arm64 | 0.1.0 | 24.00 | NOTE | |||
r-oldrel-macos-x86_64 | 0.1.0 | 41.00 | NOTE | |||
r-oldrel-windows-x86_64 | 0.1.0 | 8.00 | 70.00 | 78.00 | NOTE |
Version: 0.1.0
Check: LazyData
Result: NOTE
'LazyData' is specified without a 'data' directory
Flavors: r-devel-linux-x86_64-debian-clang, r-devel-linux-x86_64-debian-gcc, r-devel-linux-x86_64-fedora-clang, r-devel-linux-x86_64-fedora-gcc, r-devel-windows-x86_64, r-patched-linux-x86_64, r-release-linux-x86_64, r-release-macos-arm64, r-release-windows-x86_64, r-oldrel-macos-arm64, r-oldrel-macos-x86_64, r-oldrel-windows-x86_64