Last updated on 2024-05-07 09:59:10 CEST.
Flavor | Version | Tinstall | Tcheck | Ttotal | Status | Flags |
---|---|---|---|---|---|---|
r-devel-linux-x86_64-debian-clang | 1.0.0 | 1.46 | 24.71 | 26.17 | NOTE | |
r-devel-linux-x86_64-debian-gcc | 1.0.0 | 1.59 | 19.64 | 21.23 | NOTE | |
r-devel-linux-x86_64-fedora-clang | 1.0.0 | 36.94 | NOTE | |||
r-devel-linux-x86_64-fedora-gcc | 1.0.0 | 49.07 | NOTE | |||
r-devel-windows-x86_64 | 1.0.0 | 3.00 | 42.00 | 45.00 | NOTE | |
r-patched-linux-x86_64 | 1.0.0 | 1.52 | 24.66 | 26.18 | NOTE | |
r-release-linux-x86_64 | 1.0.0 | 1.63 | 24.00 | 25.63 | NOTE | |
r-release-macos-arm64 | 1.0.0 | 20.00 | NOTE | |||
r-release-windows-x86_64 | 1.0.0 | 3.00 | 42.00 | 45.00 | NOTE | |
r-oldrel-macos-arm64 | 1.0.0 | 24.00 | OK | |||
r-oldrel-macos-x86_64 | 1.0.0 | 49.00 | OK | |||
r-oldrel-windows-x86_64 | 1.0.0 | 4.00 | 40.00 | 44.00 | OK |
Version: 1.0.0
Check: Rd files
Result: NOTE
checkRd: (-1) scriptloc.Rd:5: Lost braces; missing escapes or markup?
5 | \title{Get location of script in a fashion analagous to ${BASH_SOURCE[0]}}
| ^
Flavors: r-devel-linux-x86_64-debian-clang, r-devel-linux-x86_64-debian-gcc, r-devel-linux-x86_64-fedora-clang, r-devel-linux-x86_64-fedora-gcc, r-devel-windows-x86_64, r-patched-linux-x86_64, r-release-linux-x86_64, r-release-macos-arm64, r-release-windows-x86_64