Last updated on 2024-05-07 21:48:40 CEST.
Flavor | Version | Tinstall | Tcheck | Ttotal | Status | Flags |
---|---|---|---|---|---|---|
r-devel-linux-x86_64-debian-clang | 0.4.0 | 11.68 | 338.36 | 350.04 | OK | |
r-devel-linux-x86_64-debian-gcc | 0.4.0 | 10.15 | 242.05 | 252.20 | OK | |
r-devel-linux-x86_64-fedora-clang | 0.4.0 | 442.81 | NOTE | |||
r-devel-linux-x86_64-fedora-gcc | 0.4.0 | 454.66 | OK | |||
r-devel-windows-x86_64 | 0.4.0 | 11.00 | 256.00 | 267.00 | OK | |
r-patched-linux-x86_64 | 0.4.0 | 13.17 | 320.62 | 333.79 | OK | |
r-release-linux-x86_64 | 0.4.0 | 6.79 | 321.13 | 327.92 | OK | |
r-release-macos-arm64 | 0.4.0 | 126.00 | OK | |||
r-release-macos-x86_64 | 0.4.0 | 338.00 | OK | |||
r-release-windows-x86_64 | 0.4.0 | 11.00 | 250.00 | 261.00 | OK | |
r-oldrel-macos-arm64 | 0.4.0 | 114.00 | OK | |||
r-oldrel-macos-x86_64 | 0.4.0 | 270.00 | OK | |||
r-oldrel-windows-x86_64 | 0.4.0 | 15.00 | 322.00 | 337.00 | OK |
Version: 0.4.0
Check: Rd cross-references
Result: NOTE
Undeclared packages ‘janitor’, ‘unheadr’, ‘validate’ in Rd xrefs
Flavor: r-devel-linux-x86_64-fedora-clang