Last updated on 2024-05-06 01:48:38 CEST.
Flavor | Version | Tinstall | Tcheck | Ttotal | Status | Flags |
---|---|---|---|---|---|---|
r-devel-linux-x86_64-debian-clang | 1.8-0 | 8.14 | 49.34 | 57.48 | OK | |
r-devel-linux-x86_64-debian-gcc | 1.8-0 | 5.11 | 37.09 | 42.20 | OK | |
r-devel-linux-x86_64-fedora-clang | 1.8-0 | 71.61 | NOTE | |||
r-devel-linux-x86_64-fedora-gcc | 1.8-0 | 71.76 | NOTE | |||
r-devel-windows-x86_64 | 1.8-0 | 9.00 | 66.00 | 75.00 | OK | |
r-patched-linux-x86_64 | 1.8-0 | 8.50 | 46.09 | 54.59 | OK | |
r-release-linux-x86_64 | 1.8-0 | 6.36 | 47.60 | 53.96 | OK | |
r-release-macos-arm64 | 1.8-0 | 24.00 | OK | |||
r-release-windows-x86_64 | 1.8-0 | 9.00 | 67.00 | 76.00 | OK | |
r-oldrel-macos-arm64 | 1.8-0 | 39.00 | OK | |||
r-oldrel-macos-x86_64 | 1.8-0 | 74.00 | OK | |||
r-oldrel-windows-x86_64 | 1.8-0 | 10.00 | 71.00 | 81.00 | OK |
Version: 1.8-0
Check: compiled code
Result: NOTE
File ‘signal/libs/signal.so’:
Found no calls to: ‘R_registerRoutines’, ‘R_useDynamicSymbols’
It is good practice to register native routines and to disable symbol
search.
See ‘Writing portable packages’ in the ‘Writing R Extensions’ manual.
Flavors: r-devel-linux-x86_64-fedora-clang, r-devel-linux-x86_64-fedora-gcc