Last updated on 2024-05-07 17:50:20 CEST.
Flavor | Version | Tinstall | Tcheck | Ttotal | Status | Flags |
---|---|---|---|---|---|---|
r-devel-linux-x86_64-debian-clang | 1.0.0 | 2.74 | 449.39 | 452.13 | NOTE | |
r-devel-linux-x86_64-debian-gcc | 1.0.0 | 2.26 | 284.08 | 286.34 | NOTE | |
r-devel-linux-x86_64-fedora-clang | 1.0.0 | 520.42 | NOTE | |||
r-devel-linux-x86_64-fedora-gcc | 1.0.0 | 534.57 | NOTE | |||
r-devel-windows-x86_64 | 1.0.0 | 3.00 | 260.00 | 263.00 | NOTE | |
r-patched-linux-x86_64 | 1.0.0 | 3.43 | 417.10 | 420.53 | NOTE | |
r-release-linux-x86_64 | 1.0.0 | 2.54 | 422.68 | 425.22 | NOTE | |
r-release-macos-arm64 | 1.0.0 | 117.00 | NOTE | |||
r-release-windows-x86_64 | 1.0.0 | 4.00 | 248.00 | 252.00 | NOTE | |
r-oldrel-macos-arm64 | 1.0.0 | 121.00 | NOTE | |||
r-oldrel-macos-x86_64 | 1.0.0 | 231.00 | NOTE | |||
r-oldrel-windows-x86_64 | 1.0.0 | 4.00 | 344.00 | 348.00 | NOTE |
Version: 1.0.0
Check: package subdirectories
Result: NOTE
Problems with news in ‘NEWS.md’:
Cannot extract version info from the following section titles:
Version (Date)
Flavors: r-devel-linux-x86_64-debian-clang, r-devel-linux-x86_64-debian-gcc, r-devel-linux-x86_64-fedora-clang, r-devel-linux-x86_64-fedora-gcc, r-devel-windows-x86_64, r-patched-linux-x86_64, r-release-linux-x86_64, r-release-macos-arm64, r-release-windows-x86_64, r-oldrel-macos-arm64, r-oldrel-macos-x86_64, r-oldrel-windows-x86_64