Last updated on 2024-05-07 09:59:11 CEST.
Flavor | Version | Tinstall | Tcheck | Ttotal | Status | Flags |
---|---|---|---|---|---|---|
r-devel-linux-x86_64-debian-clang | 2.0.0 | 11.71 | 176.79 | 188.50 | NOTE | |
r-devel-linux-x86_64-debian-gcc | 2.0.0 | 6.00 | 128.43 | 134.43 | NOTE | |
r-devel-linux-x86_64-fedora-clang | 2.0.0 | 245.23 | NOTE | |||
r-devel-linux-x86_64-fedora-gcc | 2.0.0 | 307.82 | NOTE | |||
r-devel-windows-x86_64 | 2.0.0 | 11.00 | 131.00 | 142.00 | NOTE | |
r-patched-linux-x86_64 | 2.0.0 | 6.96 | 166.23 | 173.19 | NOTE | |
r-release-linux-x86_64 | 2.0.0 | 6.61 | 165.13 | 171.74 | NOTE | |
r-release-macos-arm64 | 2.0.0 | 60.00 | NOTE | |||
r-release-windows-x86_64 | 2.0.0 | 11.00 | 129.00 | 140.00 | NOTE | |
r-oldrel-macos-arm64 | 2.0.0 | 76.00 | NOTE | |||
r-oldrel-macos-x86_64 | 2.0.0 | 152.00 | NOTE | |||
r-oldrel-windows-x86_64 | 2.0.0 | 14.00 | 162.00 | 176.00 | NOTE |
Version: 2.0.0
Check: package dependencies
Result: NOTE
Package suggested but not available for checking: ‘gurobi’
Flavors: r-devel-linux-x86_64-debian-clang, r-devel-linux-x86_64-debian-gcc, r-devel-linux-x86_64-fedora-clang, r-devel-linux-x86_64-fedora-gcc, r-devel-windows-x86_64, r-patched-linux-x86_64, r-release-linux-x86_64, r-release-macos-arm64, r-release-windows-x86_64, r-oldrel-macos-arm64, r-oldrel-macos-x86_64, r-oldrel-windows-x86_64