Last updated on 2024-05-07 13:52:20 CEST.
Flavor | Version | Tinstall | Tcheck | Ttotal | Status | Flags |
---|---|---|---|---|---|---|
r-devel-linux-x86_64-debian-clang | 0.1.2 | 10.61 | 91.35 | 101.96 | OK | |
r-devel-linux-x86_64-debian-gcc | 0.1.2 | 8.70 | 67.77 | 76.47 | OK | |
r-devel-linux-x86_64-fedora-clang | 0.1.2 | 128.43 | NOTE | |||
r-devel-linux-x86_64-fedora-gcc | 0.1.2 | 192.66 | OK | |||
r-devel-windows-x86_64 | 0.1.2 | 10.00 | 82.00 | 92.00 | OK | |
r-patched-linux-x86_64 | 0.1.2 | 10.13 | 88.40 | 98.53 | OK | |
r-release-linux-x86_64 | 0.1.2 | 10.32 | 87.93 | 98.25 | OK | |
r-release-macos-arm64 | 0.1.2 | 36.00 | OK | |||
r-release-windows-x86_64 | 0.1.2 | 10.00 | 82.00 | 92.00 | OK | |
r-oldrel-macos-arm64 | 0.1.2 | 40.00 | OK | |||
r-oldrel-macos-x86_64 | 0.1.2 | 65.00 | OK | |||
r-oldrel-windows-x86_64 | 0.1.2 | 14.00 | 95.00 | 109.00 | OK |
Version: 0.1.2
Check: Rd cross-references
Result: NOTE
Undeclared package ‘andrews’ in Rd xrefs
Flavor: r-devel-linux-x86_64-fedora-clang