Last updated on 2024-05-08 01:48:27 CEST.
Flavor | Version | Tinstall | Tcheck | Ttotal | Status | Flags |
---|---|---|---|---|---|---|
r-devel-linux-x86_64-debian-clang | 1.2 | 3.88 | 29.84 | 33.72 | NOTE | |
r-devel-linux-x86_64-debian-gcc | 1.2 | 3.56 | 23.07 | 26.63 | NOTE | |
r-devel-linux-x86_64-fedora-clang | 1.2 | 42.42 | NOTE | |||
r-devel-linux-x86_64-fedora-gcc | 1.2 | 48.14 | NOTE | |||
r-devel-windows-x86_64 | 1.2 | 6.00 | 50.00 | 56.00 | NOTE | |
r-patched-linux-x86_64 | 1.2 | 4.56 | 28.55 | 33.11 | NOTE | |
r-release-linux-x86_64 | 1.2 | 4.68 | 29.03 | 33.71 | NOTE | |
r-release-macos-arm64 | 1.2 | 20.00 | NOTE | |||
r-release-windows-x86_64 | 1.2 | 6.00 | 50.00 | 56.00 | NOTE | |
r-oldrel-macos-arm64 | 1.2 | 21.00 | OK | |||
r-oldrel-macos-x86_64 | 1.2 | 25.00 | OK | |||
r-oldrel-windows-x86_64 | 1.2 | 7.00 | 50.00 | 57.00 | OK |
Version: 1.2
Check: Rd files
Result: NOTE
checkRd: (-1) preg2.Rd:8: Lost braces
8 | An object of class \\code{tbl_df} (inherits from \\code{tbl}, \\code{data.frame}) with 2 rows and 4 columns.
| ^
checkRd: (-1) preg2.Rd:8: Lost braces
8 | An object of class \\code{tbl_df} (inherits from \\code{tbl}, \\code{data.frame}) with 2 rows and 4 columns.
| ^
checkRd: (-1) preg2.Rd:8: Lost braces
8 | An object of class \\code{tbl_df} (inherits from \\code{tbl}, \\code{data.frame}) with 2 rows and 4 columns.
| ^
Flavors: r-devel-linux-x86_64-debian-clang, r-devel-linux-x86_64-debian-gcc, r-devel-linux-x86_64-fedora-clang, r-devel-linux-x86_64-fedora-gcc, r-devel-windows-x86_64, r-patched-linux-x86_64, r-release-linux-x86_64, r-release-macos-arm64, r-release-windows-x86_64