Last updated on 2024-05-07 21:48:42 CEST.
Flavor | Version | Tinstall | Tcheck | Ttotal | Status | Flags |
---|---|---|---|---|---|---|
r-devel-linux-x86_64-debian-clang | 0.7.6 | 169.59 | 425.69 | 595.28 | OK | |
r-devel-linux-x86_64-debian-gcc | 0.7.6 | 130.15 | 280.09 | 410.24 | OK | |
r-devel-linux-x86_64-fedora-clang | 0.7.6 | 738.66 | OK | |||
r-devel-linux-x86_64-fedora-gcc | 0.7.6 | 797.99 | OK | |||
r-devel-windows-x86_64 | 0.7.6 | 134.00 | 305.00 | 439.00 | OK | |
r-patched-linux-x86_64 | 0.7.6 | 142.56 | 395.38 | 537.94 | OK | |
r-release-linux-x86_64 | 0.7.6 | 137.77 | 384.81 | 522.58 | OK | |
r-release-macos-arm64 | 0.7.6 | 130.00 | NOTE | |||
r-release-macos-x86_64 | 0.7.6 | 282.00 | NOTE | |||
r-release-windows-x86_64 | 0.7.6 | 133.00 | 300.00 | 433.00 | OK | |
r-oldrel-macos-arm64 | 0.7.6 | 159.00 | NOTE | |||
r-oldrel-macos-x86_64 | 0.7.6 | 227.00 | NOTE | |||
r-oldrel-windows-x86_64 | 0.7.6 | 170.00 | 389.00 | 559.00 | OK |
Version: 0.7.6
Check: installed package size
Result: NOTE
installed size is 6.1Mb
sub-directories of 1Mb or more:
R 2.0Mb
libs 2.9Mb
Flavors: r-release-macos-arm64, r-release-macos-x86_64, r-oldrel-macos-arm64, r-oldrel-macos-x86_64