Last updated on 2024-05-08 01:48:28 CEST.
Flavor | Version | Tinstall | Tcheck | Ttotal | Status | Flags |
---|---|---|---|---|---|---|
r-devel-linux-x86_64-debian-clang | 1.0.2 | 103.25 | 230.91 | 334.16 | OK | |
r-devel-linux-x86_64-debian-gcc | 1.0.2 | 77.79 | 191.58 | 269.37 | OK | |
r-devel-linux-x86_64-fedora-clang | 1.0.2 | 454.60 | OK | |||
r-devel-linux-x86_64-fedora-gcc | 1.0.2 | 535.20 | OK | |||
r-devel-windows-x86_64 | 1.0.2 | 78.00 | 261.00 | 339.00 | OK | |
r-patched-linux-x86_64 | 1.0.2 | 111.93 | 251.71 | 363.64 | OK | |
r-release-linux-x86_64 | 1.0.2 | 71.04 | 250.36 | 321.40 | OK | |
r-release-macos-arm64 | 1.0.2 | 166.00 | NOTE | |||
r-release-macos-x86_64 | 1.0.2 | 288.00 | NOTE | |||
r-release-windows-x86_64 | 1.0.2 | 78.00 | 253.00 | 331.00 | OK | |
r-oldrel-macos-arm64 | 1.0.2 | 164.00 | NOTE | |||
r-oldrel-macos-x86_64 | 1.0.2 | 248.00 | NOTE | |||
r-oldrel-windows-x86_64 | 1.0.2 | 94.00 | 266.00 | 360.00 | OK |
Version: 1.0.2
Check: installed package size
Result: NOTE
installed size is 7.4Mb
sub-directories of 1Mb or more:
libs 6.4Mb
Flavors: r-release-macos-arm64, r-release-macos-x86_64, r-oldrel-macos-arm64, r-oldrel-macos-x86_64