Last updated on 2024-05-07 17:50:22 CEST.
Flavor | Version | Tinstall | Tcheck | Ttotal | Status | Flags |
---|---|---|---|---|---|---|
r-devel-linux-x86_64-debian-clang | 1.0.12 | 11.36 | 260.41 | 271.77 | NOTE | |
r-devel-linux-x86_64-debian-gcc | 1.0.12 | 10.64 | 193.16 | 203.80 | NOTE | |
r-devel-linux-x86_64-fedora-clang | 1.0.13 | 259.71 | NOTE | |||
r-devel-linux-x86_64-fedora-gcc | 1.0.13 | 287.66 | NOTE | |||
r-devel-windows-x86_64 | 1.0.12 | 11.00 | 195.00 | 206.00 | NOTE | |
r-patched-linux-x86_64 | 1.0.12 | 9.06 | 249.59 | 258.65 | NOTE | |
r-release-linux-x86_64 | 1.0.12 | 10.03 | 248.39 | 258.42 | NOTE | |
r-release-macos-arm64 | 1.0.13 | 97.00 | NOTE | |||
r-release-macos-x86_64 | 1.0.13 | 308.00 | NOTE | |||
r-release-windows-x86_64 | 1.0.13 | 14.00 | 180.00 | 194.00 | NOTE | |
r-oldrel-macos-arm64 | 1.0.13 | 106.00 | NOTE | |||
r-oldrel-macos-x86_64 | 1.0.13 | 283.00 | NOTE | |||
r-oldrel-windows-x86_64 | 1.0.12 | 15.00 | 246.00 | 261.00 | NOTE |
Version: 1.0.12
Check: package dependencies
Result: NOTE
Package suggested but not available for checking: ‘asreml’
Flavors: r-devel-linux-x86_64-debian-clang, r-devel-linux-x86_64-debian-gcc, r-devel-windows-x86_64, r-patched-linux-x86_64, r-release-linux-x86_64, r-oldrel-windows-x86_64
Version: 1.0.13
Check: package dependencies
Result: NOTE
Package suggested but not available for checking: ‘asreml’
Flavors: r-devel-linux-x86_64-fedora-clang, r-devel-linux-x86_64-fedora-gcc, r-release-macos-arm64, r-release-macos-x86_64, r-release-windows-x86_64, r-oldrel-macos-arm64, r-oldrel-macos-x86_64
Version: 1.0.13
Check: dependencies in R code
Result: NOTE
Namespace in Imports field not imported from: ‘mapproj’
All declared Imports should be used.
Flavors: r-devel-linux-x86_64-fedora-clang, r-devel-linux-x86_64-fedora-gcc