Last updated on 2024-05-08 01:48:28 CEST.
Flavor | Version | Tinstall | Tcheck | Ttotal | Status | Flags |
---|---|---|---|---|---|---|
r-devel-linux-x86_64-debian-clang | 0.5.1 | 3.09 | 76.44 | 79.53 | NOTE | |
r-devel-linux-x86_64-debian-gcc | 0.5.1 | 3.29 | 58.73 | 62.02 | NOTE | |
r-devel-linux-x86_64-fedora-clang | 0.5.1 | 100.46 | NOTE | |||
r-devel-linux-x86_64-fedora-gcc | 0.5.1 | 106.32 | NOTE | |||
r-devel-windows-x86_64 | 0.5.1 | 5.00 | 80.00 | 85.00 | NOTE | |
r-patched-linux-x86_64 | 0.5.1 | 4.31 | 75.17 | 79.48 | NOTE | |
r-release-linux-x86_64 | 0.5.1 | 3.46 | 74.10 | 77.56 | NOTE | |
r-release-macos-arm64 | 0.5.1 | 37.00 | NOTE | |||
r-release-windows-x86_64 | 0.5.1 | 6.00 | 81.00 | 87.00 | NOTE | |
r-oldrel-macos-arm64 | 0.5.1 | 36.00 | NOTE | |||
r-oldrel-macos-x86_64 | 0.5.1 | 55.00 | NOTE | |||
r-oldrel-windows-x86_64 | 0.5.1 | 6.00 | 94.00 | 100.00 | NOTE |
Version: 0.5.1
Check: LazyData
Result: NOTE
'LazyData' is specified without a 'data' directory
Flavors: r-devel-linux-x86_64-debian-clang, r-devel-linux-x86_64-debian-gcc, r-devel-linux-x86_64-fedora-clang, r-devel-linux-x86_64-fedora-gcc, r-devel-windows-x86_64, r-patched-linux-x86_64, r-release-linux-x86_64, r-release-macos-arm64, r-release-windows-x86_64, r-oldrel-macos-arm64, r-oldrel-macos-x86_64, r-oldrel-windows-x86_64