Last updated on 2024-05-07 13:52:22 CEST.
Flavor | Version | Tinstall | Tcheck | Ttotal | Status | Flags |
---|---|---|---|---|---|---|
r-devel-linux-x86_64-debian-clang | 3.4.1 | 11.17 | 91.46 | 102.63 | NOTE | |
r-devel-linux-x86_64-debian-gcc | 3.4.1 | 7.93 | 66.31 | 74.24 | NOTE | |
r-devel-linux-x86_64-fedora-clang | 3.4.1 | 127.95 | NOTE | |||
r-devel-linux-x86_64-fedora-gcc | 3.4.1 | 173.06 | NOTE | |||
r-devel-windows-x86_64 | 3.4.1 | 10.00 | 83.00 | 93.00 | NOTE | |
r-patched-linux-x86_64 | 3.4.1 | 13.04 | 83.54 | 96.58 | NOTE | |
r-release-linux-x86_64 | 3.4.1 | 8.94 | 85.37 | 94.31 | NOTE | |
r-release-macos-arm64 | 3.4.1 | 38.00 | NOTE | |||
r-release-windows-x86_64 | 3.4.1 | 10.00 | 81.00 | 91.00 | NOTE | |
r-oldrel-macos-arm64 | 3.4.1 | 39.00 | NOTE | |||
r-oldrel-macos-x86_64 | 3.4.1 | 63.00 | NOTE | |||
r-oldrel-windows-x86_64 | 3.4.1 | 13.00 | 98.00 | 111.00 | NOTE |
Version: 3.4.1
Check: Rd files
Result: NOTE
checkRd: (-1) stdGlm.Rd:93: Escaped LaTeX specials: \&
Flavors: r-devel-linux-x86_64-debian-clang, r-devel-linux-x86_64-debian-gcc, r-devel-linux-x86_64-fedora-clang, r-devel-linux-x86_64-fedora-gcc, r-devel-windows-x86_64, r-patched-linux-x86_64, r-release-linux-x86_64, r-release-macos-arm64, r-release-windows-x86_64, r-oldrel-macos-arm64, r-oldrel-macos-x86_64, r-oldrel-windows-x86_64