Last updated on 2024-05-08 01:48:28 CEST.
Flavor | Version | Tinstall | Tcheck | Ttotal | Status | Flags |
---|---|---|---|---|---|---|
r-devel-linux-x86_64-debian-clang | 0.1.0-1 | 42.71 | 338.89 | 381.60 | OK | |
r-devel-linux-x86_64-debian-gcc | 0.1.0-1 | 31.62 | 217.16 | 248.78 | OK | |
r-devel-linux-x86_64-fedora-clang | 0.1.0-1 | 473.59 | NOTE | |||
r-devel-linux-x86_64-fedora-gcc | 0.1.0-1 | 529.45 | NOTE | |||
r-devel-windows-x86_64 | 0.1.0-1 | 33.00 | 315.00 | 348.00 | OK | |
r-patched-linux-x86_64 | 0.1.0-1 | 43.52 | 308.75 | 352.27 | OK | |
r-release-linux-x86_64 | 0.1.0-1 | 35.49 | 313.34 | 348.83 | OK | |
r-release-macos-arm64 | 0.1.0-1 | 106.00 | OK | |||
r-release-windows-x86_64 | 0.1.0-1 | 33.00 | 295.00 | 328.00 | OK | |
r-oldrel-macos-arm64 | 0.1.0-1 | 128.00 | OK | |||
r-oldrel-macos-x86_64 | 0.1.0-1 | 204.00 | OK | |||
r-oldrel-windows-x86_64 | 0.1.0-1 | 42.00 | 378.00 | 420.00 | OK |
Version: 0.1.0-1
Check: dependencies in R code
Result: NOTE
Namespaces in Imports field not imported from:
‘doParallel’ ‘pROC’
All declared Imports should be used.
Flavors: r-devel-linux-x86_64-fedora-clang, r-devel-linux-x86_64-fedora-gcc