Last updated on 2024-05-07 21:48:43 CEST.
Flavor | Version | Tinstall | Tcheck | Ttotal | Status | Flags |
---|---|---|---|---|---|---|
r-devel-linux-x86_64-debian-clang | 1.1.2 | 91.10 | 69.09 | 160.19 | OK | |
r-devel-linux-x86_64-debian-gcc | 1.1.2 | 74.14 | 49.85 | 123.99 | OK | |
r-devel-linux-x86_64-fedora-clang | 1.1.2 | 222.83 | OK | |||
r-devel-linux-x86_64-fedora-gcc | 1.1.2 | 286.11 | OK | |||
r-devel-windows-x86_64 | 1.1.2 | 77.00 | 100.00 | 177.00 | OK | |
r-patched-linux-x86_64 | 1.1.2 | 99.16 | 63.99 | 163.15 | OK | |
r-release-linux-x86_64 | 1.1.2 | 82.27 | 65.49 | 147.76 | OK | |
r-release-macos-arm64 | 1.1.2 | 48.00 | NOTE | |||
r-release-windows-x86_64 | 1.1.2 | 75.00 | 101.00 | 176.00 | OK | |
r-oldrel-macos-arm64 | 1.1.2 | 50.00 | NOTE | |||
r-oldrel-macos-x86_64 | 1.1.2 | 103.00 | NOTE | |||
r-oldrel-windows-x86_64 | 1.1.2 | 93.00 | 112.00 | 205.00 | OK |
Version: 1.1.2
Check: installed package size
Result: NOTE
installed size is 5.7Mb
sub-directories of 1Mb or more:
libs 5.0Mb
Flavors: r-release-macos-arm64, r-oldrel-macos-arm64, r-oldrel-macos-x86_64