Last updated on 2024-05-08 01:48:29 CEST.
Flavor | Version | Tinstall | Tcheck | Ttotal | Status | Flags |
---|---|---|---|---|---|---|
r-devel-linux-x86_64-debian-clang | 0.1.5 | 55.57 | 78.44 | 134.01 | NOTE | |
r-devel-linux-x86_64-debian-gcc | 0.1.5 | 35.77 | 58.46 | 94.23 | NOTE | |
r-devel-linux-x86_64-fedora-clang | 0.1.5 | 176.61 | NOTE | |||
r-devel-linux-x86_64-fedora-gcc | 0.1.5 | 242.75 | NOTE | |||
r-devel-windows-x86_64 | 0.1.5 | 42.00 | 103.00 | 145.00 | NOTE | |
r-patched-linux-x86_64 | 0.1.5 | 51.29 | 74.08 | 125.37 | NOTE | |
r-release-linux-x86_64 | 0.1.5 | 33.53 | 74.56 | 108.09 | NOTE | |
r-release-macos-arm64 | 0.1.5 | 52.00 | NOTE | |||
r-release-windows-x86_64 | 0.1.5 | 41.00 | 102.00 | 143.00 | NOTE | |
r-oldrel-macos-arm64 | 0.1.5 | 60.00 | NOTE | |||
r-oldrel-macos-x86_64 | 0.1.5 | 88.00 | NOTE | |||
r-oldrel-windows-x86_64 | 0.1.5 | 50.00 | 118.00 | 168.00 | NOTE |
Version: 0.1.5
Check: LazyData
Result: NOTE
'LazyData' is specified without a 'data' directory
Flavors: r-devel-linux-x86_64-debian-clang, r-devel-linux-x86_64-debian-gcc, r-devel-linux-x86_64-fedora-clang, r-devel-linux-x86_64-fedora-gcc, r-devel-windows-x86_64, r-patched-linux-x86_64, r-release-linux-x86_64, r-release-macos-arm64, r-release-windows-x86_64, r-oldrel-macos-arm64, r-oldrel-macos-x86_64, r-oldrel-windows-x86_64
Version: 0.1.5
Check: Rd cross-references
Result: NOTE
Undeclared package ‘tm’ in Rd xrefs
Flavor: r-devel-linux-x86_64-fedora-clang