Last updated on 2024-05-07 09:59:13 CEST.
Flavor | Version | Tinstall | Tcheck | Ttotal | Status | Flags |
---|---|---|---|---|---|---|
r-devel-linux-x86_64-debian-clang | 0.1.1 | 4.96 | 112.12 | 117.08 | OK | |
r-devel-linux-x86_64-debian-gcc | 0.1.1 | 3.78 | 84.12 | 87.90 | OK | |
r-devel-linux-x86_64-fedora-clang | 0.1.1 | 149.82 | NOTE | |||
r-devel-linux-x86_64-fedora-gcc | 0.1.1 | 174.20 | NOTE | |||
r-devel-windows-x86_64 | 0.1.1 | 7.00 | 96.00 | 103.00 | OK | |
r-patched-linux-x86_64 | 0.1.1 | 4.89 | 105.50 | 110.39 | OK | |
r-release-linux-x86_64 | 0.1.1 | 3.19 | 107.74 | 110.93 | OK | |
r-release-macos-arm64 | 0.1.1 | 49.00 | OK | |||
r-release-windows-x86_64 | 0.1.1 | 6.00 | 95.00 | 101.00 | OK | |
r-oldrel-macos-arm64 | 0.1.1 | 64.00 | OK | |||
r-oldrel-macos-x86_64 | 0.1.1 | 110.00 | OK | |||
r-oldrel-windows-x86_64 | 0.1.1 | 6.00 | 118.00 | 124.00 | OK |
Version: 0.1.1
Check: data for non-ASCII characters
Result: NOTE
Note: found 4546 marked UTF-8 strings
Flavors: r-devel-linux-x86_64-fedora-clang, r-devel-linux-x86_64-fedora-gcc