Last updated on 2024-05-04 13:49:23 CEST.
Flavor | Version | Tinstall | Tcheck | Ttotal | Status | Flags |
---|---|---|---|---|---|---|
r-devel-linux-x86_64-debian-clang | 0.3.2 | 18.86 | 141.04 | 159.90 | NOTE | |
r-devel-linux-x86_64-debian-gcc | 0.3.2 | 16.87 | 103.99 | 120.86 | NOTE | |
r-devel-linux-x86_64-fedora-clang | 0.3.2 | 205.33 | NOTE | |||
r-devel-linux-x86_64-fedora-gcc | 0.3.2 | 191.78 | NOTE | |||
r-devel-windows-x86_64 | 0.3.2 | 17.00 | 130.00 | 147.00 | NOTE | |
r-patched-linux-x86_64 | 0.3.2 | 18.53 | 133.45 | 151.98 | NOTE | |
r-release-linux-x86_64 | 0.3.2 | 16.03 | 132.93 | 148.96 | NOTE | |
r-release-macos-arm64 | 0.3.2 | 53.00 | NOTE | |||
r-release-windows-x86_64 | 0.3.2 | 20.00 | 129.00 | 149.00 | NOTE | |
r-oldrel-macos-arm64 | 0.3.2 | 62.00 | OK | |||
r-oldrel-macos-x86_64 | 0.3.2 | 114.00 | OK | |||
r-oldrel-windows-x86_64 | 0.3.2 | 24.00 | 157.00 | 181.00 | OK |
Version: 0.3.2
Check: Rd files
Result: NOTE
checkRd: (-1) music.Rd:19: Lost braces in \itemize; meant \describe ?
checkRd: (-1) music.Rd:20: Lost braces in \itemize; meant \describe ?
checkRd: (-1) music.Rd:21: Lost braces in \itemize; meant \describe ?
checkRd: (-1) music.Rd:22: Lost braces in \itemize; meant \describe ?
checkRd: (-1) temperature.Rd:17: Lost braces in \itemize; meant \describe ?
checkRd: (-1) temperature.Rd:18: Lost braces in \itemize; meant \describe ?
checkRd: (-1) temperature.Rd:19: Lost braces in \itemize; meant \describe ?
checkRd: (-1) temperature.Rd:20: Lost braces in \itemize; meant \describe ?
checkRd: (-1) temperature.Rd:21: Lost braces in \itemize; meant \describe ?
checkRd: (-1) tips.Rd:21: Lost braces in \itemize; meant \describe ?
checkRd: (-1) tips.Rd:22: Lost braces in \itemize; meant \describe ?
checkRd: (-1) tips.Rd:23: Lost braces in \itemize; meant \describe ?
checkRd: (-1) tips.Rd:24: Lost braces in \itemize; meant \describe ?
checkRd: (-1) tips.Rd:25: Lost braces in \itemize; meant \describe ?
checkRd: (-1) tips.Rd:26: Lost braces in \itemize; meant \describe ?
checkRd: (-1) tips.Rd:27: Lost braces in \itemize; meant \describe ?
checkRd: (-1) tips.Rd:28: Lost braces in \itemize; meant \describe ?
checkRd: (-1) tornado.Rd:17: Lost braces in \itemize; meant \describe ?
checkRd: (-1) tornado.Rd:18: Lost braces in \itemize; meant \describe ?
checkRd: (-1) ucdavis1.Rd:17: Lost braces in \itemize; meant \describe ?
checkRd: (-1) ucdavis1.Rd:18: Lost braces in \itemize; meant \describe ?
checkRd: (-1) ucdavis1.Rd:19: Lost braces in \itemize; meant \describe ?
checkRd: (-1) ucdavis1.Rd:20: Lost braces in \itemize; meant \describe ?
checkRd: (-1) ucdavis1.Rd:21-22: Lost braces in \itemize; meant \describe ?
checkRd: (-1) ucdavis1.Rd:23: Lost braces in \itemize; meant \describe ?
checkRd: (-1) ucdavis1.Rd:24: Lost braces in \itemize; meant \describe ?
checkRd: (-1) ucdavis1.Rd:25: Lost braces in \itemize; meant \describe ?
checkRd: (-1) ucdavis1.Rd:26: Lost braces in \itemize; meant \describe ?
checkRd: (-1) ucdavis1.Rd:27: Lost braces in \itemize; meant \describe ?
checkRd: (-1) ucdavis1.Rd:28: Lost braces in \itemize; meant \describe ?
checkRd: (-1) ucdavis1.Rd:29-30: Lost braces in \itemize; meant \describe ?
Flavors: r-devel-linux-x86_64-debian-clang, r-devel-linux-x86_64-debian-gcc, r-devel-linux-x86_64-fedora-clang, r-devel-linux-x86_64-fedora-gcc, r-devel-windows-x86_64, r-patched-linux-x86_64, r-release-linux-x86_64, r-release-macos-arm64, r-release-windows-x86_64