Last updated on 2024-05-07 21:48:43 CEST.
Flavor | Version | Tinstall | Tcheck | Ttotal | Status | Flags |
---|---|---|---|---|---|---|
r-devel-linux-x86_64-debian-clang | 0.1.1 | 4.99 | 59.28 | 64.27 | OK | |
r-devel-linux-x86_64-debian-gcc | 0.1.1 | 4.82 | 44.52 | 49.34 | OK | |
r-devel-linux-x86_64-fedora-clang | 0.1.1 | 82.92 | NOTE | |||
r-devel-linux-x86_64-fedora-gcc | 0.1.1 | 110.32 | NOTE | |||
r-devel-windows-x86_64 | 0.1.1 | 6.00 | 63.00 | 69.00 | OK | |
r-patched-linux-x86_64 | 0.1.1 | 4.95 | 55.49 | 60.44 | OK | |
r-release-linux-x86_64 | 0.1.1 | 4.62 | 55.96 | 60.58 | OK | |
r-release-macos-arm64 | 0.1.1 | 26.00 | OK | |||
r-release-windows-x86_64 | 0.1.1 | 7.00 | 63.00 | 70.00 | OK | |
r-oldrel-macos-arm64 | 0.1.1 | 29.00 | OK | |||
r-oldrel-macos-x86_64 | 0.1.1 | 40.00 | OK | |||
r-oldrel-windows-x86_64 | 0.1.1 | 8.00 | 70.00 | 78.00 | OK |
Version: 0.1.1
Check: dependencies in R code
Result: NOTE
Namespace in Imports field not imported from: ‘base’
All declared Imports should be used.
Flavors: r-devel-linux-x86_64-fedora-clang, r-devel-linux-x86_64-fedora-gcc