Last updated on 2024-05-07 17:50:23 CEST.
Flavor | Version | Tinstall | Tcheck | Ttotal | Status | Flags |
---|---|---|---|---|---|---|
r-devel-linux-x86_64-debian-clang | 0.1.0 | 5.83 | 55.91 | 61.74 | OK | |
r-devel-linux-x86_64-debian-gcc | 0.1.0 | 3.55 | 41.77 | 45.32 | OK | |
r-devel-linux-x86_64-fedora-clang | 0.1.0 | 77.57 | NOTE | |||
r-devel-linux-x86_64-fedora-gcc | 0.1.0 | 106.91 | NOTE | |||
r-devel-windows-x86_64 | 0.1.0 | 7.00 | 64.00 | 71.00 | OK | |
r-patched-linux-x86_64 | 0.1.0 | 5.27 | 53.03 | 58.30 | OK | |
r-release-linux-x86_64 | 0.1.0 | 2.96 | 52.12 | 55.08 | OK | |
r-release-macos-arm64 | 0.1.0 | 32.00 | OK | |||
r-release-windows-x86_64 | 0.1.0 | 5.00 | 63.00 | 68.00 | OK | |
r-oldrel-macos-arm64 | 0.1.0 | 32.00 | OK | |||
r-oldrel-macos-x86_64 | 0.1.0 | 64.00 | OK | |||
r-oldrel-windows-x86_64 | 0.1.0 | 6.00 | 67.00 | 73.00 | OK |
Version: 0.1.0
Check: data for non-ASCII characters
Result: NOTE
Note: found 9 marked UTF-8 strings
Flavors: r-devel-linux-x86_64-fedora-clang, r-devel-linux-x86_64-fedora-gcc