Last updated on 2024-05-07 13:52:24 CEST.
Flavor | Version | Tinstall | Tcheck | Ttotal | Status | Flags |
---|---|---|---|---|---|---|
r-devel-linux-x86_64-debian-clang | 0.3.3 | 9.80 | 117.97 | 127.77 | OK | |
r-devel-linux-x86_64-debian-gcc | 0.3.3 | 7.12 | 86.04 | 93.16 | OK | |
r-devel-linux-x86_64-fedora-clang | 0.3.3 | 154.38 | NOTE | |||
r-devel-linux-x86_64-fedora-gcc | 0.3.3 | 219.40 | OK | |||
r-devel-windows-x86_64 | 0.3.3 | 10.00 | 113.00 | 123.00 | OK | |
r-patched-linux-x86_64 | 0.3.3 | 9.97 | 111.22 | 121.19 | OK | |
r-release-linux-x86_64 | 0.3.3 | 9.60 | 115.37 | 124.97 | OK | |
r-release-macos-arm64 | 0.3.3 | 54.00 | OK | |||
r-release-macos-x86_64 | 0.3.3 | 136.00 | OK | |||
r-release-windows-x86_64 | 0.3.3 | 10.00 | 110.00 | 120.00 | OK | |
r-oldrel-macos-arm64 | 0.3.3 | 67.00 | OK | |||
r-oldrel-macos-x86_64 | 0.3.3 | 117.00 | OK | |||
r-oldrel-windows-x86_64 | 0.3.3 | 12.00 | 130.00 | 142.00 | OK |
Version: 0.3.3
Check: Rd cross-references
Result: NOTE
Undeclared package ‘rlang’ in Rd xrefs
Flavor: r-devel-linux-x86_64-fedora-clang