Last updated on 2024-05-07 17:50:23 CEST.
Flavor | Version | Tinstall | Tcheck | Ttotal | Status | Flags |
---|---|---|---|---|---|---|
r-devel-linux-x86_64-debian-clang | 0.1.0 | 15.42 | 127.55 | 142.97 | OK | |
r-devel-linux-x86_64-debian-gcc | 0.1.0 | 12.35 | 94.88 | 107.23 | OK | |
r-devel-linux-x86_64-fedora-clang | 0.1.0 | 180.62 | NOTE | |||
r-devel-linux-x86_64-fedora-gcc | 0.1.0 | 224.95 | NOTE | |||
r-devel-windows-x86_64 | 0.1.0 | 13.00 | 111.00 | 124.00 | OK | |
r-patched-linux-x86_64 | 0.1.0 | 11.26 | 119.66 | 130.92 | OK | |
r-release-linux-x86_64 | 0.1.0 | 9.76 | 122.52 | 132.28 | OK | |
r-release-macos-arm64 | 0.1.0 | 54.00 | OK | |||
r-release-macos-x86_64 | 0.1.0 | 102.00 | OK | |||
r-release-windows-x86_64 | 0.1.0 | 12.00 | 109.00 | 121.00 | OK | |
r-oldrel-macos-arm64 | 0.1.0 | 58.00 | OK | |||
r-oldrel-macos-x86_64 | 0.1.0 | 113.00 | OK | |||
r-oldrel-windows-x86_64 | 0.1.0 | 17.00 | 136.00 | 153.00 | OK |
Version: 0.1.0
Check: dependencies in R code
Result: NOTE
Namespace in Imports field not imported from: ‘class’
All declared Imports should be used.
Flavors: r-devel-linux-x86_64-fedora-clang, r-devel-linux-x86_64-fedora-gcc