Last updated on 2024-05-07 17:50:23 CEST.
Flavor | Version | Tinstall | Tcheck | Ttotal | Status | Flags |
---|---|---|---|---|---|---|
r-devel-linux-x86_64-debian-clang | 0.0-4 | 6.63 | 418.20 | 424.83 | OK | |
r-devel-linux-x86_64-debian-gcc | 0.0-4 | 6.12 | 303.04 | 309.16 | OK | |
r-devel-linux-x86_64-fedora-clang | 0.0-4 | 523.72 | OK | |||
r-devel-linux-x86_64-fedora-gcc | 0.0-4 | 598.10 | OK | |||
r-devel-windows-x86_64 | 0.0-4 | 9.00 | 321.00 | 330.00 | OK | |
r-patched-linux-x86_64 | 0.0-4 | 7.08 | 397.20 | 404.28 | OK | |
r-release-linux-x86_64 | 0.0-4 | 7.45 | 406.50 | 413.95 | OK | |
r-release-macos-arm64 | 0.0-4 | 136.00 | OK | |||
r-release-windows-x86_64 | 0.0-4 | 10.00 | 309.00 | 319.00 | OK | |
r-oldrel-macos-arm64 | 0.0-4 | 140.00 | OK | |||
r-oldrel-macos-x86_64 | 0.0-4 | 178.00 | NOTE | |||
r-oldrel-windows-x86_64 | 0.0-4 | 11.00 | 410.00 | 421.00 | OK |
Version: 0.0-4
Check: package dependencies
Result: NOTE
Package suggested but not available for checking: ‘tramnet’
Flavor: r-oldrel-macos-x86_64
Version: 0.0-4
Check: re-building of vignette outputs
Result: NOTE
Note: skipping ‘tramvs.Rnw’ due to unavailable dependencies: 'tramnet'
Flavor: r-oldrel-macos-x86_64