Last updated on 2024-05-07 09:59:14 CEST.
Flavor | Version | Tinstall | Tcheck | Ttotal | Status | Flags |
---|---|---|---|---|---|---|
r-devel-linux-x86_64-debian-clang | 1.2.2 | 5.33 | 49.48 | 54.81 | NOTE | |
r-devel-linux-x86_64-debian-gcc | 1.2.2 | 3.96 | 36.77 | 40.73 | NOTE | |
r-devel-linux-x86_64-fedora-clang | 1.2.2 | 65.62 | NOTE | |||
r-devel-linux-x86_64-fedora-gcc | 1.2.2 | 103.06 | NOTE | |||
r-devel-windows-x86_64 | 1.2.2 | 6.00 | 65.00 | 71.00 | NOTE | |
r-patched-linux-x86_64 | 1.2.2 | 5.60 | 46.29 | 51.89 | NOTE | |
r-release-linux-x86_64 | 1.2.2 | 5.18 | 46.72 | 51.90 | NOTE | |
r-release-macos-arm64 | 1.2.2 | 24.00 | NOTE | |||
r-release-windows-x86_64 | 1.2.2 | 5.00 | 62.00 | 67.00 | NOTE | |
r-oldrel-macos-arm64 | 1.2.2 | 26.00 | NOTE | |||
r-oldrel-macos-x86_64 | 1.2.2 | 38.00 | NOTE | |||
r-oldrel-windows-x86_64 | 1.2.2 | 6.00 | 67.00 | 73.00 | NOTE |
Version: 1.2.2
Check: DESCRIPTION meta-information
Result: NOTE
Malformed Description field: should contain one or more complete sentences.
Flavors: r-devel-linux-x86_64-debian-clang, r-devel-linux-x86_64-debian-gcc, r-devel-linux-x86_64-fedora-clang, r-devel-linux-x86_64-fedora-gcc, r-devel-windows-x86_64, r-patched-linux-x86_64, r-release-linux-x86_64, r-release-macos-arm64, r-release-windows-x86_64, r-oldrel-macos-arm64, r-oldrel-macos-x86_64, r-oldrel-windows-x86_64