Last updated on 2024-05-07 06:11:55 CEST.
Flavor | Version | Tinstall | Tcheck | Ttotal | Status | Flags |
---|---|---|---|---|---|---|
r-devel-linux-x86_64-debian-clang | 0.2.3 | 21.34 | 105.51 | 126.85 | OK | |
r-devel-linux-x86_64-debian-gcc | 0.2.3 | 12.97 | 77.49 | 90.46 | OK | |
r-devel-linux-x86_64-fedora-clang | 0.2.3 | 152.25 | NOTE | |||
r-devel-linux-x86_64-fedora-gcc | 0.2.3 | 211.52 | NOTE | |||
r-devel-windows-x86_64 | 0.2.3 | 23.00 | 101.00 | 124.00 | NOTE | |
r-patched-linux-x86_64 | 0.2.3 | 20.25 | 97.80 | 118.05 | OK | |
r-release-linux-x86_64 | 0.2.3 | 14.40 | 97.42 | 111.82 | OK | |
r-release-macos-arm64 | 0.2.3 | 49.00 | NOTE | |||
r-release-windows-x86_64 | 0.2.3 | 21.00 | 102.00 | 123.00 | NOTE | |
r-oldrel-macos-arm64 | 0.2.3 | 52.00 | NOTE | |||
r-oldrel-macos-x86_64 | 0.2.3 | 85.00 | NOTE | |||
r-oldrel-windows-x86_64 | 0.2.3 | 26.00 | 115.00 | 141.00 | NOTE |
Version: 0.2.3
Check: installed package size
Result: NOTE
installed size is 9.9Mb
sub-directories of 1Mb or more:
extdata 8.6Mb
Flavors: r-devel-linux-x86_64-fedora-clang, r-devel-windows-x86_64, r-release-macos-arm64, r-release-windows-x86_64, r-oldrel-macos-arm64, r-oldrel-macos-x86_64, r-oldrel-windows-x86_64
Version: 0.2.3
Check: dependencies in R code
Result: NOTE
Namespace in Imports field not imported from: ‘usethis’
All declared Imports should be used.
Flavors: r-devel-linux-x86_64-fedora-clang, r-devel-linux-x86_64-fedora-gcc