Last updated on 2024-05-08 01:48:30 CEST.
Flavor | Version | Tinstall | Tcheck | Ttotal | Status | Flags |
---|---|---|---|---|---|---|
r-devel-linux-x86_64-debian-clang | 0.5.1 | 8.90 | 636.55 | 645.45 | OK | |
r-devel-linux-x86_64-debian-gcc | 0.5.1 | 5.84 | 443.01 | 448.85 | OK | |
r-devel-linux-x86_64-fedora-clang | 0.5.1 | 741.13 | NOTE | |||
r-devel-linux-x86_64-fedora-gcc | 0.5.1 | 796.06 | NOTE | |||
r-devel-windows-x86_64 | 0.5.1 | 12.00 | 352.00 | 364.00 | OK | |
r-patched-linux-x86_64 | 0.5.1 | 8.45 | 603.84 | 612.29 | OK | |
r-release-linux-x86_64 | 0.5.1 | 7.05 | 611.25 | 618.30 | OK | |
r-release-macos-arm64 | 0.5.1 | 163.00 | OK | |||
r-release-windows-x86_64 | 0.5.1 | 10.00 | 311.00 | 321.00 | OK | |
r-oldrel-macos-arm64 | 0.5.1 | 231.00 | OK | |||
r-oldrel-macos-x86_64 | 0.5.1 | 350.00 | OK | |||
r-oldrel-windows-x86_64 | 0.5.1 | 12.00 | 419.00 | 431.00 | OK |
Version: 0.5.1
Check: data for non-ASCII characters
Result: NOTE
Note: found 1 marked UTF-8 string
Flavors: r-devel-linux-x86_64-fedora-clang, r-devel-linux-x86_64-fedora-gcc