Last updated on 2024-05-08 01:48:31 CEST.
Flavor | Version | Tinstall | Tcheck | Ttotal | Status | Flags |
---|---|---|---|---|---|---|
r-devel-linux-x86_64-debian-clang | 0.1.0 | 2.89 | 38.33 | 41.22 | NOTE | |
r-devel-linux-x86_64-debian-gcc | 0.1.0 | 1.75 | 29.35 | 31.10 | NOTE | |
r-devel-linux-x86_64-fedora-clang | 0.1.0 | 51.29 | NOTE | |||
r-devel-linux-x86_64-fedora-gcc | 0.1.0 | 110.98 | NOTE | |||
r-devel-windows-x86_64 | 0.1.0 | 3.00 | 56.00 | 59.00 | NOTE | |
r-patched-linux-x86_64 | 0.1.0 | 1.93 | 36.77 | 38.70 | NOTE | |
r-release-linux-x86_64 | 0.1.0 | 2.26 | 36.78 | 39.04 | NOTE | |
r-release-macos-arm64 | 0.1.0 | 24.00 | NOTE | |||
r-release-windows-x86_64 | 0.1.0 | 4.00 | 54.00 | 58.00 | NOTE | |
r-oldrel-macos-arm64 | 0.1.0 | 28.00 | NOTE | |||
r-oldrel-macos-x86_64 | 0.1.0 | 40.00 | NOTE | |||
r-oldrel-windows-x86_64 | 0.1.0 | 4.00 | 54.00 | 58.00 | NOTE |
Version: 0.1.0
Check: LazyData
Result: NOTE
'LazyData' is specified without a 'data' directory
Flavors: r-devel-linux-x86_64-debian-clang, r-devel-linux-x86_64-debian-gcc, r-devel-linux-x86_64-fedora-clang, r-devel-linux-x86_64-fedora-gcc, r-devel-windows-x86_64, r-patched-linux-x86_64, r-release-linux-x86_64, r-release-macos-arm64, r-release-windows-x86_64, r-oldrel-macos-arm64, r-oldrel-macos-x86_64, r-oldrel-windows-x86_64