Last updated on 2024-05-07 06:11:56 CEST.
Flavor | Version | Tinstall | Tcheck | Ttotal | Status | Flags |
---|---|---|---|---|---|---|
r-devel-linux-x86_64-debian-clang | 0.2.1 | 8.58 | 113.50 | 122.08 | OK | |
r-devel-linux-x86_64-debian-gcc | 0.2.1 | 5.89 | 81.66 | 87.55 | OK | |
r-devel-linux-x86_64-fedora-clang | 0.2.1 | 159.98 | NOTE | |||
r-devel-linux-x86_64-fedora-gcc | 0.2.1 | 213.44 | NOTE | |||
r-devel-windows-x86_64 | 0.2.1 | 7.00 | 82.00 | 89.00 | OK | |
r-patched-linux-x86_64 | 0.2.1 | 8.81 | 108.09 | 116.90 | OK | |
r-release-linux-x86_64 | 0.2.1 | 6.54 | 107.14 | 113.68 | OK | |
r-release-macos-arm64 | 0.2.1 | 39.00 | OK | |||
r-release-macos-x86_64 | 0.2.1 | 99.00 | OK | |||
r-release-windows-x86_64 | 0.2.1 | 7.00 | 81.00 | 88.00 | OK | |
r-oldrel-macos-arm64 | 0.2.1 | 46.00 | OK | |||
r-oldrel-macos-x86_64 | 0.2.1 | 93.00 | OK | |||
r-oldrel-windows-x86_64 | 0.2.1 | 10.00 | 86.00 | 96.00 | OK |
Version: 0.2.1
Check: data for non-ASCII characters
Result: NOTE
Note: found 3 marked UTF-8 strings
Flavors: r-devel-linux-x86_64-fedora-clang, r-devel-linux-x86_64-fedora-gcc