Last updated on 2024-05-08 01:48:31 CEST.
Flavor | Version | Tinstall | Tcheck | Ttotal | Status | Flags |
---|---|---|---|---|---|---|
r-devel-linux-x86_64-debian-clang | 2.0.6 | 2.61 | 25.40 | 28.01 | NOTE | |
r-devel-linux-x86_64-debian-gcc | 2.0.6 | 1.92 | 19.07 | 20.99 | NOTE | |
r-devel-linux-x86_64-fedora-clang | 2.0.6 | 34.77 | NOTE | |||
r-devel-linux-x86_64-fedora-gcc | 2.0.6 | 37.05 | NOTE | |||
r-devel-windows-x86_64 | 2.0.6 | 3.00 | 42.00 | 45.00 | NOTE | |
r-patched-linux-x86_64 | 2.0.6 | 2.64 | 24.03 | 26.67 | NOTE | |
r-release-linux-x86_64 | 2.0.6 | 2.03 | 24.01 | 26.04 | NOTE | |
r-release-macos-arm64 | 2.0.6 | 15.00 | NOTE | |||
r-release-windows-x86_64 | 2.0.6 | 3.00 | 42.00 | 45.00 | NOTE | |
r-oldrel-macos-arm64 | 2.0.6 | 16.00 | OK | |||
r-oldrel-macos-x86_64 | 2.0.6 | 20.00 | OK | |||
r-oldrel-windows-x86_64 | 2.0.6 | 3.00 | 40.00 | 43.00 | OK |
Version: 2.0.6
Check: Rd files
Result: NOTE
checkRd: (-1) in.zoom.Rd:34: Lost braces in \itemize; meant \describe ?
checkRd: (-1) in.zoom.Rd:35: Lost braces in \itemize; meant \describe ?
checkRd: (-1) in.zoom.Rd:36: Lost braces in \itemize; meant \describe ?
checkRd: (-1) in.zoom.Rd:37: Lost braces in \itemize; meant \describe ?
checkRd: (-1) in.zoom.Rd:38: Lost braces in \itemize; meant \describe ?
checkRd: (-1) in.zoom.Rd:39: Lost braces in \itemize; meant \describe ?
checkRd: (-1) zm.Rd:30: Lost braces in \itemize; meant \describe ?
checkRd: (-1) zm.Rd:31: Lost braces in \itemize; meant \describe ?
checkRd: (-1) zm.Rd:32: Lost braces in \itemize; meant \describe ?
checkRd: (-1) zm.Rd:12: Lost braces in \itemize; meant \describe ?
checkRd: (-1) zm.Rd:13: Lost braces in \itemize; meant \describe ?
Flavors: r-devel-linux-x86_64-debian-clang, r-devel-linux-x86_64-debian-gcc, r-devel-linux-x86_64-fedora-clang, r-devel-linux-x86_64-fedora-gcc, r-devel-windows-x86_64, r-patched-linux-x86_64, r-release-linux-x86_64, r-release-macos-arm64, r-release-windows-x86_64